9
What are the prime factors of 470426450?
2, 5, 13, 43, 16831
What are the prime factors of 667808979?
3, 19, 23, 509389
List the prime factors of 33726110.
2, 5, 11, 257, 1193
List the prime factors of 121907635.
5, 281, 86767
List the prime factors of 18870575.
5, 193, 3911
List the prime factors of 93098287.
73, 1275319
List the prime factors of 615397826.
2, 307698913
List the prime factors of 2397480932.
2, 7, 11, 89, 7951
What are the prime factors of 317623886?
2, 17, 43, 217253
What are the prime factors of 319844140?
2, 5, 7, 11, 79, 239
What are the prime factors of 508291503?
3, 169430501
What are the prime factors of 39742834?
2, 19871417
List the prime factors of 4586836484.
2, 1613, 710917
What are the prime factors of 104892832?
2, 11, 297991
List the prime factors of 127449747.
3, 4720361
List the prime factors of 242738019.
3, 17, 37, 14293
What are the prime factors of 82046477?
79, 1038563
What are the prime factors of 719465463?
3, 113, 235813
What are the prime factors of 2757286454?
2, 13, 109, 421, 2311
List the prime factors of 104037937.
137, 759401
What are the prime factors of 30298022?
2, 15149011
List the prime factors of 622969697.
7, 23, 83, 46619
What are the prime factors of 6157543?
7, 879649
What are the prime factors of 453832104?
2, 3, 11, 1013, 1697
What are the prime factors of 262714299?
3, 673, 130121
List the prime factors of 2065971938.
2, 7951, 129919
List the prime factors of 991002093.
3, 3413, 96787
List the prime factors of 1274015.
5, 254803
List the prime factors of 342492885.
3, 5, 7, 23, 41, 1153
What are the prime factors of 466570463?
647, 721129
List the prime factors of 1049217504.
2, 3, 1051, 10399
What are the prime factors of 6990794?
2, 3495397
What are the prime factors of 2081098237?
97, 21454621
List the prime factors of 2906789984.
2, 7, 71, 193, 947
What are the prime factors of 5862663046?
2, 2931331523
What are the prime factors of 353386655?
5, 47, 563, 2671
What are the prime factors of 3588491788?
2, 7, 277, 462673
What are the prime factors of 13617923?
11, 1237993
What are the prime factors of 16012167?
3, 5337389
List the prime factors of 574909293.
3, 7, 37, 739909
List the prime factors of 7462945659.
3, 13, 191357581
List the prime factors of 6771306406.
2, 43, 73, 191, 5647
What are the prime factors of 443793162?
2, 3, 59, 373, 3361
List the prime factors of 2927496280.
2, 5, 73187407
What are the prime factors of 208090011?
3, 31, 2237527
What are the prime factors of 782390326?
2, 391195163
List the prime factors of 120824854.
2, 2411, 25057
What are the prime factors of 28241525?
5, 13, 113, 769
What are the prime factors of 135144469?
31, 140629
List the prime factors of 39633557.
39633557
What are the prime factors of 2645353712?
2, 165334607
List the prime factors of 2170127385.
3, 5, 48225053
List the prime factors of 5227248005.
5, 7, 149349943
List the prime factors of 500151250.
2, 5, 19, 21059
List the prime factors of 74631100.
2, 5, 229, 3259
List the prime factors of 1538151466.
2, 17, 45239749
What are the prime factors of 557612809?
13, 3001, 14293
List the prime factors of 948639179.
1553, 610843
List the prime factors of 4488689414.
2, 11, 204031337
What are the prime factors of 88672790?
2, 5, 8867279
List the prime factors of 6511396151.
13, 17, 5179, 5689
What are the prime factors of 78344816?
2, 11, 445141
List the prime factors of 581514902.
2, 29, 10026119
List the prime factors of 157703323.
389, 405407
List the prime factors of 96560204.
2, 13, 17, 19, 5749
What are the prime factors of 4339038234?
2, 3, 723173039
List the prime factors of 57083630.
2, 5, 103, 157, 353
List the prime factors of 38020325.
5, 7, 41, 757
What are the prime factors of 20390050?
2, 5, 407801
List the prime factors of 4605112.
2, 31, 599
What are the prime factors of 4436616854?
2, 17, 67, 1947593
What are the prime factors of 2923169236?
2, 13, 173, 324941
List the prime factors of 2703709682.
2, 17, 79520873
What are the prime factors of 3119231073?
3, 7, 21219259
What are the prime factors of 276383542?
2, 41, 3370531
List the prime factors of 219568300.
2, 5, 7, 313669
What are the prime factors of 895936877?
11, 7404437
What are the prime factors of 686481618?
2, 3, 659, 173617
What are the prime factors of 48504049?
11, 4409459
What are the prime factors of 9463078?
2, 4731539
List the prime factors of 869264243.
869264243
What are the prime factors of 30414947?
23, 1322389
List the prime factors of 36311909.
43, 844463
What are the prime factors of 300424004?
2, 71, 1057831
List the prime factors of 31718328.
2, 3, 17, 269
What are the prime factors of 95007824?
2, 41, 144829
What are the prime factors of 2917099?
2917099
What are the prime factors of 133724058?
2, 3, 13, 1714411
List the prime factors of 696131371.
13, 103, 519889
List the prime factors of 611501440.
2, 5, 11, 86861
What are the prime factors of 2129584793?
7, 3929, 77431
List the prime factors of 4406161074.
2, 3, 7, 83, 677, 1867
What are the prime factors of 6327420855?
3, 5, 7, 60261151
What are the prime factors of 37211541?
3, 12403847
List the prime factors of 160081497.
3, 283, 62851
What are the prime factors of 5868887130?
2, 3, 5, 21736619
List the prime factors of 118237475.
5, 19, 59, 4219
List the prime factors of 31399411.
31399411
List the prime factors of 1377201479.
10343, 133153
List the prime factors of 45636228.
2, 3, 11, 17, 6779
What are the prime factors of 88686280?
2, 5, 17, 41, 3181
List the prime factors of 846584789.
547, 563, 2749
List the prime factors of 224874140.
2, 5, 277, 40591
List the prime factors of 5199632398.
2, 113, 23007223
What are the prime factors of 35262176?
2, 19, 59, 983
What are the prime factors of 897694515?
3, 5, 6649589
What are the prime factors of 145625154?
2, 3, 24270859
List the prime factors of 190204171.
190204171
What are the prime factors of 48743673?
3, 11, 1477081
List the prime factors of 8038339620.
2, 3, 5, 133972327
List the prime factors of 175069134.
2, 3, 347, 9343
What are the prime factors of 488311885?
5, 2411, 40507
List the prime factors of 140612756.
2, 269, 130681
What are the prime factors of 29624469?
3, 7, 137, 1471
List the prime factors of 386833220.
2, 5, 53, 364937
List the prime factors of 6656411623.
23, 41, 7058761
What are the prime factors of 106264356?
2, 3, 11, 805033
What are the prime factors of 91085427?
3, 10120603
What are the prime factors of 318004212?
2, 3, 2423, 10937
List the prime factors of 37296202.
2, 19, 23, 139, 307
What are the prime factors of 247977961?
7, 11, 211, 15263
What are the prime factors of 76199872?
2, 7, 37, 4597
List the prime factors of 10341416.
2, 79, 16363
What are the prime factors of 1895645611?
499, 3798889
What are the prime factors of 1724143912?
2, 215517989
What are the prime factors of 463699581?
3, 31, 229, 21773
List the prime factors of 202754665.
5, 17, 2385349
List the prime factors of 334832324.
2, 47, 439, 4057
List the prime factors of 868626216.
2, 3, 12064253
What are the prime factors of 66496828?
2, 79, 163, 1291
List the prime factors of 405594903.
3, 7, 23, 119963
List the prime factors of 4768880869.
4768880869
List the prime factors of 223044374.
2, 7, 199, 11437
What are the prime factors of 1107021132?
2, 3, 7, 83, 7561
List the prime factors of 29896635.
3, 5, 1993109
What are the prime factors of 5262513781?
7, 23, 32686421
List the prime factors of 5913544431.
3, 41, 4993, 9629
What are the prime factors of 811912145?
5, 11, 14762039
List the prime factors of 158107194.
2, 3, 7, 418273
List the prime factors of 190365210.
2, 3, 5, 7, 302167
List the prime factors of 85714260.
2, 3, 5, 1428571
What are the prime factors of 6249145498?
2, 17, 5087, 36131
List the prime factors of 72197373.
3, 1307, 18413
What are the prime factors of 1106223402?
2, 3, 971, 189877
What are the prime factors of 165211797?
3, 17, 461, 7027
What are the prime factors of 91009392?
2, 3, 19, 73, 1367
What are the prime factors of 109293696?
2, 3, 94873
List the prime factors of 217133110.
2, 5, 23, 463, 2039
List the prime factors of 46906144.
2, 211, 6947
What are the prime factors of 6265692033?
3, 439, 4757549
What are the prime factors of 5416486